 12203. Give k(7).
-37
Let t(j) = -j**2 - 25*j + 76. Determine t(-26).
50
Let d(j) = -12*j**2 - 360*j - 20. What is d(-30)?
-20
Let t(x) = -114*x**2 + 114*x - 211. Determine t(2).
-439
Let w(p) = 7*p**2 + 120*p + 118. Give w(-1).
5
Let r(i) = -766*i - 2297. What is r(-3)?
1
Let g(w) = -w**3 + 6*w**2 - 11. Calculate g(5).
14
Let p(o) = -66*o + 265. Determine p(4).
1
Let o(z) = z**3 + 158*z**2 - 997*z - 2138. What is o(-164)?
-6
Let p(s) = -53*s - 57. Calculate p(-2).
49
Let y(s) = -24*s + 214. Give y(7).
46
Let f(b) = 6*b**2 + 37*b + 7. What is f(-6)?
1
Let r(c) = 2*c**2 - 29*c + 220. Give r(5).
125
Let p(t) = -t**3 - 5*t - 32. Determine p(-6).
214
Let z(x) = 2*x**3 - 28*x**2 + 8*x - 51. Give z(14).
61
Let r(c) = -c**2 + 100*c - 1046. Calculate r(12).
10
Let q(y) = 4*y**3 + y**2 + 8*y + 18. Determine q(-3).
-105
Let s(w) = -754*w + 2779. Determine s(4).
-237
Let n(x) = -x**3 - 2*x**2 + 8*x - 16. Give n(2).
-16
Let u(p) = 12*p + 59. Give u(-7).
-25
Let g(y) = -6*y**3 - 124*y**2 + 57*y + 322. Determine g(-21).
7
Let w(q) = -18*q**2 - q - 2. What is w(3)?
-167
Let w(f) = 4*f**2 - 192*f - 836. Give w(52).
-4
Let g(w) = 6*w + 566. Calculate g(-95).
-4
Let n(k) = 2*k**2 + 141*k + 2140. Give n(-49).
33
Let n(m) = m**3 - 134*m**2 + 131*m + 254. Give n(133).
-12
Let h(a) = -3*a**2 - 285*a - 865. What is h(-92)?
-37
Let i(z) = -3*z**2 + 24*z + 75. Give i(11).
-24
Let m(b) = -3*b**3 - 33*b**2 + 166*b + 1566. Calculate m(-12).
6
Let k(o) = -3*o**3 + 4*o**2 + 26*o + 21. Give k(-1).
2
Let n(a) = -5*a**3 - 761*a**2 - 154*a - 310. Calculate n(-152).
-6
Let q(r) = 25*r - 939. Calculate q(38).
11
Let o(v) = 17*v + 148. Give o(-16).
-124
Let z(h) = -4*h**3 - 4*h**2 + 11*h + 16. Calculate z(-2).
10
Let h(r) = -r**2 - 7*r + 19. What is h(-10)?
-11
Let d(r) = -348*r + 268. Calculate d(1).
-80
Let w(m) = -29*m + 339. Give w(13).
-38
Let n(k) = 10*k - 260. Give n(28).
20
Let k(n) = -25*n**2 + 1307*n - 361. What is k(52)?
3
Let r(q) = q**2 - 16*q + 88. Determine r(17).
105
Let z(v) = v**3 - 53*v**2 + 69*v - 889. Calculate z(52).
-5
Let s(y) = -14*y**3 - 2*y**2 + 11*y + 13. Determine s(-1).
14
Let z(d) = -745*d + 8927. Determine z(12).
-13
Let h(d) = -492*d - 8854. Calculate h(-18).
2
Let r(d) = 2*d**3 + 14*d**2 - 7*d - 47. Calculate r(2).
11
Let a(h) = -h**3 + 47*h**2 + 53*h - 232. Calculate a(48).
8
Let r(k) = 396*k - 35. Give r(0).
-35
Let u(p) = 3*p + 126. Calculate u(-34).
24
Let q(m) = 11*m**2 + 6*m - 24. Give q(4).
176
Let r(x) = -5*x**3 + 9*x**2 - 6*x + 1. What is r(2)?
-15
Let q(g) = -3*g**3 - 2*g**2 + 30*g + 88. Determine q(-3).
61
Let w(a) = 9*a**2 + 68*a - 80. Give w(-11).
261
Let v(n) = -22*n + 304. Give v(15).
-26
Let p(j) = 2*j**2 - 17*j + 54. Determine p(8).
46
Let y(u) = -615*u - 1250. Give y(-2).
-20
Let o(z) = 82*z + 341. Determine o(-6).
-151
Let j(u) = 62*u - 115. Calculate j(8).
381
Let c(p) = -p**3 + 15*p**2 - 22*p + 125. Determine c(14).
13
Let c(u) = -3*u**2 - 88*u + 65. Give c(-30).
5
Let r(m) = 1685*m - 16859. Determine r(10).
-9
Let b(q) = -2*q**3 - 37*q**2 - 50*q - 557. What is b(-18)?
19
Let g(c) = -c**3 + 44*c**2 + 43*c + 62. Calculate g(45).
-28
Let u(c) = -8*c**2 - 55*c - 23. Give u(-6).
19
Let g(w) = 2*w**2 + 64*w - 287. What is g(4)?
1
Let u(r) = -r**3 + 87*r**2 - 115*r + 2507. Calculate u(86).
13
Let h(v) = -5*v**3 - 82*v**2 - 27*v - 31. Determine h(-16).
-111
Let j(k) = 2*k**2 - 111*k - 13. What is j(56)?
43
Let s(q) = q**3 + 32*q**2 + 109*q - 81. Give s(-28).
3
Let q(t) = t**3 + 130*t**2 - 687*t - 1617. Determine q(-135).
3
Let z(j) = -98*j - 149. What is z(-11)?
929
Let g(z) = -122*z - 520. Give g(-6).
212
Let m(r) = 5*r**2 - 18*r - 502. Determine m(11).
-95
Let r(n) = -74902*n - 524314. What is r(-7)?
0
Let o(c) = 8*c**3 + 129*c**2 + 20*c + 6. Calculate o(-16).
-58
Let i(o) = -o**3 - 23*o**2 - 27*o - 79. Give i(-20).
-739
Let o(f) = 32*f - 547. Give o(17).
-3
Let f(a) = -a**3 - 115*a**2 + 243*a + 1035. Determine f(-117).
-18
Let y(g) = g**3 + 10*g**2 - 4*g + 206. Calculate y(-12).
-34
Let j(y) = y**3 - 2*y**2 - 48*y + 30. Calculate j(7).
-61
Let k(o) = -o**3 - 10*o - 27. Determine k(-7).
386
Let d(q) = -2*q**2 - 1021*q - 6117. Calculate d(-6).
-63
Let a(c) = 10106*c - 50537. Determine a(5).
-7
Let y(k) = 1431*k + 8577. Determine y(-6).
-9
Let i(r) = -3552*r + 31969. Calculate i(9).
1
Let m(s) = s**2 - 225*s - 1155. Give m(-5).
-5
Let a(m) = 3*m**2 - 44*m - 162. Determine a(14).
-190
Let a(n) = -n**3 - 45*n**2 - 259*n + 208. What is a(-38)?
-58
Let j(o) = 19*o**2 + 77*o + 11. Give j(-4).
7
Let u(t) = 97*t - 832. Calculate u(9).
41
Let t(r) = -r**3 + 6*r**2 + 35*r - 2. Calculate t(9).
70
Let v(g) = -g**3 - 190*g**2 - 934*g - 43. Calculate v(-5).
2
Let c(d) = -52*d - 2453. What is c(-48)?
43
Let v(a) = -a**3 - 2*a**2 - 149*a - 294. What is v(-2)?
4
Let i(c) = -528*c - 11086. Determine i(-21).
2
Let r(l) = 22*l**3 + l**2 + l - 18. Calculate r(2).
164
Let h(k) = -3*k**2 + 492*k + 9234. Calculate h(181).
3
Let a(c) = 2*c**3 - 81*c**2 - 38*c - 132. Determine a(41).
-9
Let p(c) = 350*c + 3190. Give p(-9).
40
Let k(m) = 18*m - 569. Give k(33).
25
Let t(r) = 6*r**3 - r**2 - 46*r - 89. Calculate t(-2).
-49
Let c(u) = -u**3 - 77*u**2 + 76*u - 102. Calculate c(-78).
54
Let d(m) = -33*m + 3954. What is d(111)?
291
Let i(k) = 183*k - 13351. What is i(73)?
8
Let i(o) = 833*o + 4160. Determine i(-5).
-5
Let w(g) = -3*g**3 - 66*g**2 + 2*g + 38. What is w(-22)?
-6
Let y(q) = -1554*q + 51264. What is y(33)?
-18
Let u(i) = -7*i**2 + 74*i + 48. Calculate u(8).
192
Let q(j) = -5*j**2 - 93*j - 411. Calculate q(-7).
-5
Let t(i) = i**3 + 7*i**2 + 32*i + 50. Give t(-3).
-10
Let u(i) = -107*i + 108. What is u(-2)?
322
Let b(f) = -5*f**2 + 71*f + 62. Calculate b(15).
2
Let a(f) = -2*f**2 + 291*f + 6793. Give a(166).
-13
Let p(r) = 369*r**2 - 53*r + 53. What is p(1)?
369
Let w(t) = 6*t - 1. Give w(-7).
-43
Let u(m) = -216*m - 10585. Determine u(-49).
-1
Let i(l) = -24*l + 487. Calculate i(17).
79
Let r(q) = -5*q**3 + 38*q**2 + 8*q + 53. Give r(8).
-11
Let k(q) = q**3 + 84*q**2 - 87*q - 200. What is k(-85)?
-30
Let r(w) = w**2 + 35*w + 12. What is r(-35)?
12
Let a(s) = -24*s**2 + 9*s + 50. Calculate a(0).
50
Let j(s) = -s**3 + 7*s**2 + 57*s - 306. Give j(5).
29
Let t(r) = -21*r - 1072. Calculate t(-50).
-22
Let i(u) = -37*u**3 + u**2 + 2*u - 2. Give i(2).
-290
Let t(q) = -4*q**2 + 64*q + 211. Give t(19).
-17
Let r(l) = -l**3 + 45*l**2 - 120*l - 182. Give r(42).
70
Let y(b) = 404*b - 9504. Determine y(23).
-212
Let s(p) = -2*p**3 - 7*p**2 - 83*p + 84. Calculate s(1).
-8
Let n(f) = -12*f + 188. Give n(19).
-40
Let q(h) = -16*h**2 + 366*h - 962. Determine q(3).
-8
Let d(s) = 342*s**2 - 4801*s + 21. Give d(14).
-161
Let o(v) = -v**3 - 2*v**2 - 46*v + 125. What is o(3)?
-58
Let x(l) = -2*l**3 - 7*l**2 - 2*l + 34. Calculate x(-4).
58
Let a(l) = -l**3 + 54*l**2 + 109*l - 471. Determine a(56).
-639
Let p(a) = -a**2 - 235*a - 5638. Calculate p(-27).
-22
Let a(r) = 48*r - 630. Give a(13).
-6
Let t(m) = m**3 + 31*m**2 - 223*m - 22. Determine t(6).
-28
Let x(c) = 46*c - 516. Calculate x(11).
-10
Let v(z) = -760*z + 1. What is v(0)?
1
Let l(o) = -42*o - 318. What is l(-12)?
186
Let v(k) = k**2 - 20*k - 31. What is v(28)?
193
Let b(n) = -3*n**3 - n**2 + 6*n + 2. What is b(-4)?
154
Let g(z) = z**3 + 2*z**2 - 41*z - 84. What is g(-5)?
46
Let k(s) = -81*s - 2022. What is k(-25)?
3
Let y(n) = -323*n**2 - 9*n + 11. Calculate y(1).
-321
Let b(v) = -163*v - 988. Calculate b(-6).
-10
Let u(z) = 255*z + 4609. Calculate u(-18).
19
Let a(i) = -4*i**2 - 306*i - 5431. What is a(-28)?
1
Let u(i) = i**3 + 38*i**2 + 343*i - 41. Give u(-15).
-11
Let p(j) = 2*j**2 + 34*j + 93. Calculate p(-11).
-39
Let r(x) = -5*x - 335. Determine r(-38).
-145
Let q(s) = -s**3 + 24*s**2 + 4*s - 6. What is q(24)?
90
Let h(f) = 10*f**2 + 1062*f - 832. Calculate h(-107).
24
Let u(g) = g**3 - 21*g**2 + 20*g + 25. Give u(20).
25
Let g(v) = -178*v - 2881. Calculate g(-17).
145
Let p(a) = -34*a - 277. What is p(-7)?
-39
Let m(b) = -83*b - 1996. What is m(-24)?
-4
Let j(i) = -i**3 + 17*i**2 + 44*i - 100. Calculate j(19).
14
Let t(y) = -y**3 + 70*y**2 + 138*y + 280. Calculate t(72).
-152
Let z(o) = o**3 - 9*o**2 + 10*o + 19. Determine z(5).
-31
Let k(y) = -y**3 - 31*y**2 - 39*y - 202. Determine k(-30).
68
Let t(u